of 273712 and 880?
16
What is the highest common divisor of 406 and 54922?
14
Calculate the greatest common factor of 975 and 46475.
325
Calculate the highest common divisor of 35175027 and 69.
69
Calculate the highest common factor of 7872 and 3059256.
984
What is the greatest common factor of 58709 and 126?
7
Calculate the highest common factor of 118638 and 108.
54
Calculate the highest common factor of 186 and 56451.
93
Calculate the highest common factor of 23770 and 40.
10
What is the greatest common divisor of 5405 and 1265?
115
Calculate the highest common factor of 48 and 17826.
6
Calculate the highest common divisor of 14 and 5348462.
14
What is the greatest common factor of 2424 and 1126857?
303
What is the highest common factor of 298 and 1870397?
149
What is the highest common divisor of 195988 and 520?
52
Calculate the greatest common factor of 580 and 202855.
145
What is the highest common factor of 8140 and 4940?
20
What is the greatest common factor of 30 and 98820?
30
Calculate the greatest common divisor of 654 and 59.
1
Calculate the highest common divisor of 14166 and 288.
18
What is the greatest common divisor of 657 and 127093?
73
What is the highest common factor of 208 and 22152?
104
What is the greatest common factor of 4083 and 99?
3
Calculate the greatest common factor of 99 and 162576.
9
What is the highest common factor of 407180 and 30?
10
Calculate the highest common factor of 1834 and 5446.
14
What is the greatest common factor of 15145488 and 432?
432
What is the greatest common factor of 7634 and 638?
22
Calculate the greatest common divisor of 1710 and 211470.
570
What is the greatest common factor of 1387 and 9025?
19
What is the highest common factor of 2678 and 1651?
13
What is the highest common factor of 6204 and 148332?
564
What is the highest common divisor of 739620 and 5040?
1260
Calculate the highest common factor of 42713 and 1059.
353
What is the greatest common divisor of 4087051 and 73?
73
Calculate the greatest common divisor of 9894 and 10282.
194
What is the greatest common factor of 181620 and 195?
15
Calculate the highest common divisor of 2240 and 47360.
320
Calculate the greatest common factor of 1175 and 41425.
25
What is the greatest common factor of 285 and 138795?
285
Calculate the highest common factor of 531 and 91509.
177
What is the highest common divisor of 7 and 358183?
7
What is the highest common divisor of 160596 and 180?
36
What is the highest common divisor of 67907 and 109025?
623
Calculate the highest common factor of 23692 and 940.
4
Calculate the highest common factor of 5071 and 291813.
461
Calculate the greatest common divisor of 96 and 26916.
12
What is the greatest common divisor of 3274282 and 1023?
341
Calculate the highest common factor of 8083 and 32743.
137
What is the greatest common factor of 16074 and 90522?
846
What is the greatest common divisor of 2205 and 294735?
735
What is the greatest common factor of 32929 and 115583?
221
What is the highest common divisor of 8 and 8752?
8
Calculate the greatest common divisor of 208 and 17488.
16
What is the greatest common divisor of 313570 and 5?
5
Calculate the highest common factor of 1394 and 9963.
41
Calculate the greatest common divisor of 234 and 85419.
9
Calculate the highest common factor of 5526272 and 256.
256
Calculate the greatest common factor of 2442393 and 342.
171
What is the highest common factor of 16 and 1222?
2
What is the greatest common factor of 1116 and 4112460?
1116
What is the greatest common factor of 13179 and 1196?
23
What is the highest common factor of 354 and 5074?
118
Calculate the greatest common divisor of 6024 and 186.
6
What is the greatest common divisor of 2095860 and 3120?
780
What is the greatest common divisor of 9 and 659619?
9
Calculate the highest common divisor of 116892 and 2516.
68
Calculate the greatest common divisor of 26726 and 23552.
46
What is the highest common factor of 9919 and 169?
13
Calculate the greatest common divisor of 1575 and 146250.
225
What is the greatest common divisor of 11 and 450923?
11
Calculate the greatest common factor of 546 and 16146.
78
What is the greatest common divisor of 212277 and 39?
39
Calculate the highest common divisor of 127438 and 46.
2
What is the highest common factor of 6374 and 2?
2
Calculate the greatest common factor of 19744 and 128.
32
Calculate the highest common factor of 107150 and 20.
10
Calculate the greatest common factor of 69 and 177928.
23
Calculate the highest common divisor of 5995 and 67580.
545
What is the highest common divisor of 65 and 1204697?
13
What is the highest common divisor of 68740 and 490?
70
Calculate the highest common factor of 2307 and 1542.
3
Calculate the highest common factor of 308 and 3938473.
77
What is the greatest common divisor of 19 and 340157?
19
Calculate the greatest common factor of 1350 and 10554.
6
Calculate the highest common divisor of 1661 and 25217.
151
What is the greatest common factor of 22542 and 12?
6
Calculate the greatest common divisor of 1160 and 977735.
145
What is the greatest common factor of 8307 and 1521?
117
Calculate the greatest common factor of 1392 and 31494.
174
What is the highest common divisor of 416 and 268672?
32
What is the greatest common divisor of 10738 and 896?
14
What is the greatest common divisor of 2975 and 225?
25
Calculate the greatest common factor of 28 and 542948.
28
What is the highest common factor of 225 and 4972905?
45
Calculate the greatest common divisor of 3026063 and 87.
29
Calculate the greatest common divisor of 40 and 9896.
8
Calculate the highest common divisor of 128000 and 43000.
1000
What is the greatest common divisor of 8 and 138532?
4
What is the greatest common divisor of 60 and 54540?
60
Calculate the highest common factor of 66340 and 930.
310
Calculate the greatest common factor of 13224 and 304.
152
What is the greatest common divisor of 1714540 and 20?
20
What is the highest common factor of 804 and 138154?
134
What is the highest common factor of 2328844 and 112?
28
What is the greatest common factor of 1812 and 632?
4
Calculate the highest common factor of 12136 and 1480.
296
Calculate the greatest common divisor of 488049 and 9.
3
What is the greatest common factor of 12459 and 3?
3
What is the highest common factor of 5759 and 19049?
443
Calculate the highest common divisor of 369977 and 883.
883
Calculate the highest common divisor of 186915 and 510.
255
What is the greatest common divisor of 39 and 164593?
13
What is the greatest common factor of 279 and 4526217?
279
Calculate the highest common factor of 3346 and 5321813.
1673
Calculate the greatest common divisor of 119 and 8918.
7
Calculate the highest common factor of 108 and 72549.
27
What is the greatest common factor of 55080 and 252?
36
What is the highest common factor of 280 and 15484840?
280
Calculate the highest common divisor of 39600 and 44.
44
Calculate the highest common divisor of 134 and 873211.
67
Calculate the highest common factor of 878 and 447341.
439
Calculate the greatest common divisor of 79860 and 19470.
330
What is the greatest common factor of 42051 and 1572?
393
Calculate the highest common factor of 42 and 251993.
7
What is the highest common divisor of 1990 and 470?
10
What is the greatest common divisor of 603 and 369?
9
What is the highest common factor of 508 and 44831?
127
Calculate the highest common divisor of 799 and 833.
17
Calculate the greatest common divisor of 150 and 354.
6
Calculate the greatest common divisor of 1389 and 4173019.
463
What is the highest common factor of 113988 and 506?
46
Calculate the greatest common divisor of 6004 and 5548.
76
What is the highest common factor of 30 and 98166?
6
What is the greatest common divisor of 486 and 180?
18
Calculate the greatest common factor of 73775 and 21125.
325
What is the greatest common factor of 10194 and 48?
6
What is the highest common factor of 4768 and 1788596?
596
What is the highest common factor of 120 and 250302?
6
Calculate the highest common factor of 8 and 536.
8
What is the greatest common divisor of 78 and 174356?
26
Calculate the highest common factor of 3626136 and 72.
72
Calculate the highest common divisor of 69 and 15591.
3
W